h**2 + 6. What is the units digit of v(-4)?
6
Suppose 3*g - 2*a - 7 = 0, 2 = -2*a - 2. What is the units digit of 2/(-1 - -3)*g?
1
Let y = 417 + -284. What is the tens digit of y?
3
Suppose -3*l = 5*i + 65, 0 = 5*i + 4*l + 70 - 0. Let z = i + 14. Suppose -z*d + 8 = -0*d. What is the units digit of d?
2
Suppose 149 = 4*r - 3*w + 4*w, -5*r = -4*w - 181. What is the tens digit of r?
3
Suppose 0*l + 6*l = 42. What is the units digit of l?
7
Let h(t) = t**2 - 9*t - 7. Let i(a) = -2*a**2 + 10*a + 7. Let v(p) = 3*h(p) + 2*i(p). Let m be v(-5). Suppose m*d - 12 = -d. What is the units digit of d?
3
Suppose -4*c - 19 + 83 = 0. Suppose 4*n - 5*i = c, n + 8 = 3*n - 3*i. Suppose -n*p - p = -25. What is the units digit of p?
5
Let k be (22/(-8))/(3/(-12)). Suppose -4*i + 3*j + k = 0, -3*i + 4*j = -6*i + 2. Let r(t) = t**2 + 2. What is the units digit of r(i)?
6
Let x = 52 + -14. What is the tens digit of x?
3
Let x be ((-6)/(-8))/((-1)/(-8)). Let b = -3 + x. Suppose b*z = l + 11, -2*z + 2 = -2*l - 0. What is the units digit of l?
4
Suppose 3*i - 68 = i. What is the tens digit of i?
3
Let c be 2/4*(3 - 3). Suppose -5*j + 4*j + 13 = c. What is the tens digit of j?
1
Let n = 10 - 8. Suppose -p = n*p - 27. What is the units digit of p?
9
Let o(q) = -7*q**3 - 2*q**2 - 5*q - 4. Let n be o(-2). What is the tens digit of -5*(n/(-15) - 2)?
2
Let r = 113 + -13. What is the units digit of r?
0
Let o(f) = f**3 + 9*f**2 + 8*f + 2. Let v be o(-8). Let r(w) = 0*w + 5 + v*w - w. What is the units digit of r(0)?
5
Let z(m) = 12 + m - 3*m - 4. Let p be z(8). Let x = p - -12. What is the units digit of x?
4
Let a = 7 - -2. Let r = 13 - a. Suppose m + 4*j = -14, j - r = -3*m - m. What is the units digit of m?
2
Let g = -20 + 11. Let n(z) = -z**2 - 13*z - 8. What is the units digit of n(g)?
8
Let a be 1*-2 - 75/(-5). Suppose -a = -3*u - 1. Suppose 1 = -b - 2*b - u*m, b - 5*m - 6 = 0. What is the units digit of b?
1
Let m(z) = 5*z**2 - 13*z + 29. What is the hundreds digit of m(6)?
1
Suppose 45 = 4*k + 157. Let h = k + -3. Let f = -19 - h. What is the tens digit of f?
1
Suppose k - 2*k - 19 = 0. Let i = -8 - k. What is the units digit of i?
1
Let x(m) = -m**2 - 11*m + 11. Suppose 3*p + 10 = -h - 5, 0 = p + 2. What is the tens digit of x(h)?
2
Let l(b) = -2*b + 1. Let h be l(-4). Suppose -4*p - 2*v + 52 = 0, p - 3*v - 13 = v. Let k = p - h. What is the units digit of k?
4
What is the units digit of (52/6)/(8/12)?
3
Let c = -114 - -388. What is the hundreds digit of c?
2
Let n be -3*(-3)/6*2. Suppose 20 + 7 = n*h. What is the units digit of h?
9
Let d(q) = 16*q**2 - 2*q - 2. What is the tens digit of d(2)?
5
Let h be 4/2 + 4 - 1. Let m be (1 - h/3)*6. What is the units digit of 7 - 5 - (m + 0)?
6
Suppose 4*y - 4*b = -2*b + 8, 5*b + 13 = 3*y. What is the units digit of (-1)/((4/(-116))/y)?
9
Let j(k) = -k**2 - 10*k - 6. Let w(f) = f**3 + f**2 - 2*f + 3. Let a be w(-3). Let p be j(a). What is the units digit of (p/(-2))/((-4)/24)?
9
Let t be ((-8)/6)/(2/(-3)). What is the units digit of 14/(((-2)/t)/(-1))?
4
Let g(y) = y**2 - 3*y - 3. Let w be g(4). Suppose -5*f = -w - 9. Suppose 4*q - 3*a - 33 = 0, 0*q + 3*a - 3 = -f*q. What is the units digit of q?
6
Let m be 231/6 - 6/12. Suppose -5*q + 5 = 0, -q - m = -3*b + 42. What is the tens digit of b?
2
Let y(n) = n**3 + 4*n**2 + 3*n + 4. Let x be y(-3). Let f(l) = l + 3. What is the units digit of f(x)?
7
Let d(z) = -z + 2. Let i be d(-4). Let a = -3 + i. Suppose 13 + a = 4*r. What is the units digit of r?
4
Let u be (-76)/12 + (-1)/(-3). Let b = -5 - u. What is the units digit of b?
1
Let v be 16/((-3)/(9/(-6))). What is the units digit of v/(-8)*22/(-2)?
1
Let g(t) = -2*t**3 + 13*t**2 - 6*t - 2. What is the tens digit of g(5)?
4
Let m(g) = 4*g**3 - 10*g**2 - 6*g - 5. What is the tens digit of m(5)?
1
Let i = 61 - 12. What is the units digit of i?
9
Suppose 0*v - 8 = v. What is the units digit of (-27)/(-6) + (-4)/v?
5
Suppose -2*d = -5*d + 3. Suppose 0 = 2*y + d - 3. What is the units digit of y?
1
Let l(m) = 3*m**2 - 19*m + 40. What is the units digit of l(11)?
4
What is the tens digit of 2/(-5) + 171/15?
1
Suppose -3*i = -2*u + 128, -36 + 164 = 2*u - i. What is the tens digit of u?
6
Let m be 6 + -10 + -1 + 11. Let z(p) be the first derivative of -p**2/2 + 14*p + 2. What is the units digit of z(m)?
8
Let w(f) = -2*f - 5. Let x be w(-4). Suppose 0 = 2*l - x*y - 29 - 2, 0 = -2*y + 10. What is the units digit of l?
3
Suppose -m + 187 = 4*m - 4*b, 5*m = 5*b + 190. What is the units digit of m?
5
Let t be 0 + 74*(-2)/(-4). Let f = t - 21. What is the tens digit of f?
1
What is the units digit of 7/(21/(-38))*-3?
8
Let o = 12 - 13. Let q = 7 + o. What is the units digit of q?
6
Let z(b) = -7*b - 19. Let f be z(-3). Let m = 1 - -4. Suppose -4*i + m = -3*d, 19 + 11 = 4*i + f*d. What is the units digit of i?
5
Suppose 0 = -0*w - 5*w + 20. Suppose 0 = 2*u - 4*m - 4, -2*m + 2 = -w*u + 16. Suppose u*t = -5*h + 28, -3*h - t - t = -16. What is the units digit of h?
4
Suppose 5*q + 570 = 5*f - 200, q - 4 = 0. What is the tens digit of f?
5
Suppose 13*r - 12*r - 112 = 0. What is the tens digit of r?
1
Suppose 126 = -3*a + 5*a. Let l = a - 44. What is the tens digit of l?
1
Let r(f) = -5*f + 5 + 8*f + f. What is the units digit of r(5)?
5
Let y(x) = -7*x. What is the units digit of y(-1)?
7
Let u = 25 + -13. What is the tens digit of u?
1
Let k(j) = j. Let c be k(4). Suppose -5*a + 31 = -c. What is the units digit of a?
7
Let c(i) = 9*i - 14. Let u be c(10). Suppose -u = 2*v - 20. Let y = -18 - v. What is the units digit of y?
0
Let u = -6 + 29. What is the tens digit of u?
2
Let l be ((-16)/(-6))/((-2)/(-6)). Let n = 13 - l. Suppose 2*c - 65 = -n*u - 2*c, 4*c = 20. What is the units digit of u?
9
Let c be -2 + (-2)/(-4)*8. Suppose -34 = -3*j + n, -j + 3*n + 2 = -c*n. What is the units digit of j?
2
Suppose -2*r + 188 = 2*n, 0 = -2*r - 5*n + 69 + 113. Suppose -2*d + 3*d - r = -3*o, -o + 30 = d. What is the tens digit of o?
3
Let q(x) be the second derivative of -x**3/6 + 2*x**2 + 2*x. Let a be q(-5). Suppose w - a + 2 = 0. What is the units digit of w?
7
Let t = -3 + 34. What is the units digit of t?
1
Suppose 4*f - f - 90 = 0. Suppose c - 3 = 0, -f = -4*p - 2*c + 4*c. What is the units digit of p?
9
Let a(i) be the second derivative of i**6/180 - i**5/120 - i**4/4 + 3*i. Let q(l) be the third derivative of a(l). What is the units digit of q(2)?
7
What is the tens digit of -36*(1 - 5)*2?
8
Let r = -6 - -91. Let v = -32 + r. What is the tens digit of v?
5
Let u(g) = -g**3 + 2*g + 72. What is the units digit of u(0)?
2
Suppose 4*b = t + 14, -7*t + 3*b = -4*t + 6. What is the units digit of t?
2
Suppose 2*n - 4 = -0*n. Let v = -18 + n. Let k = 30 + v. What is the units digit of k?
4
Suppose 0 = 3*h + 9 - 24. Suppose 3*u + 6*r + 3 = 3*r, 0 = 4*u + h*r + 6. Suppose -p + u = -4*c + 6, -5*p - 5*c + 25 = 0. What is the units digit of p?
3
Suppose a + a = 4. Suppose -2*w + 168 = a*w. What is the tens digit of w?
4
Let y(g) = 3*g - 1. Let h be y(1). Suppose 36 = h*o + 2. What is the units digit of o?
7
Let w(a) = 5*a**2 - 2*a + 5. What is the tens digit of w(4)?
7
Let r = -34 - -15. What is the units digit of r/(1 - 2/1)?
9
Let m = -8 - -22. Let g = m + -9. What is the units digit of g?
5
Let c(j) = -j**3 - j**2 - j. Let n be ((-4)/6)/(1/3). Let s be c(n). Let a(z) = z - 1. What is the units digit of a(s)?
5
Suppose -5*x - 5 = 5*k + 5, 0 = 2*k - x - 11. Suppose 5*c - k*d = 15, 6 = 3*c - 5*d - 3. What is the units digit of c?
3
What is the tens digit of (-3)/(-9)*9 + 32?
3
Let t = -74 - -150. What is the tens digit of t?
7
Let r = 4 - 1. Suppose -o + r*o = 2*f + 80, 4*o - 132 = -3*f. Suppose 3*k - i = 4*i + 44, -4*k + o = -i. What is the units digit of k?
8
Suppose 0 = -11*j + 8*j + 243. What is the units digit of j?
1
What is the tens digit of -832*(-9)/42 + 6/(-21)?
7
Let v be 4/14 + 24/14. Let n be 3/3 - (v + -1). What is the units digit of n/(-2) + -1 - -8?
7
Suppose 4 = -2*t - 8. Let o be 6/(-4)*28/t. Suppose 0*x = x - o. What is the units digit of x?
7
Let h = -31 + 170. What is the tens digit of h?
3
Let x = -1 - -2. Let r be x/3*(-6)/(-1). What is the units digit of 3/r*20/6?
5
Let g(p) = -p**2 + 21*p - 4. What is the tens digit of g(11)?
0
Let i(k